{"id":5545,"date":"2021-06-10T11:09:55","date_gmt":"2021-06-10T16:09:55","guid":{"rendered":"https:\/\/reprogramacionintegral.com\/?page_id=5545"},"modified":"2025-10-29T17:48:19","modified_gmt":"2025-10-29T23:48:19","slug":"terapias-online","status":"publish","type":"page","link":"https:\/\/reprogramacionintegral.com\/index.php\/terapias-online\/","title":{"rendered":"Terapias online"},"content":{"rendered":"<a class=\"tcb-logo thrv_wrapper\" data-css=\"tve-u-17cc6f663bb\" data-img-style=\"width: 100%;\" class=\"\"><img src=\"https:\/\/reprogramacionintegral.com\/wp-content\/uploads\/2021\/05\/logo-extra-grande-2.png\" height=\"1080\" width=\"1920\" alt=\"\" style=\"width: 100%;\"><\/img><\/a>\n<h1 _msthash=\"972816\" _msthidden=\"1\" _msttexthash=\"407329\" style=\"text-align: center;\"><em><strong>MENTE A TU FAVOR<\/strong><\/em><\/h1>\n<p><em><strong><\/strong><\/em><\/p>\n<h2 _msthash=\"972816\" _msthidden=\"1\" _msttexthash=\"407329\" style=\"text-align: center;\"><em><span><strong><span>Eleva la Vibraci\u00f3n de tus Pensamientos y Emociones<\/span><\/strong><\/span><\/em><\/h2>\n<h2 _msthash=\"972816\" _msthidden=\"1\" _msttexthash=\"407329\" style=\"text-align: center;\"><em><span><strong><span>Manifiesta lo que deseas en cada \u00e1rea de tu vida<\/span><\/strong><\/span><\/em><\/h2>\n<h1 style=\"text-align: center;\"><\/h1>\n<h1 style=\"text-align: center;\"><em><strong><span _msthash=\"825448\" _msttexthash=\"231179\" style=\"\">TERAPIAS&nbsp; ONLINE&nbsp;<\/span><\/strong><\/em><\/h1>\n<p _msthash=\"972816\" _msthidden=\"1\" _msttexthash=\"407329\" style=\"text-align: center;\"><em>&nbsp;<\/em><\/p>\n<p style=\"text-align: center;\">\n<p _msthash=\"972816\" _msttexthash=\"407329\" _msthidden=\"1\">\n<p><span><img decoding=\"async\" alt=\"\" data-id=\"2937\" width=\"709\" data-init-width=\"1600\" height=\"473\" data-init-height=\"1067\" title=\"depresi\u00f3n\" src=\"https:\/\/reprogramacionintegral.com\/wp-content\/uploads\/2021\/06\/depresion.jpg\" data-width=\"709\" data-height=\"473\" style=\"\" loading=\"lazy\"><\/span><\/p>\n<p _msthash=\"972816\" _msthidden=\"1\" _msttexthash=\"407329\" style=\"text-align: center;\"><span>&nbsp;<strong><span>Supera tu ruptura emocional<\/span><\/strong><span>&nbsp;en tiempo record&nbsp;<\/span><\/span><\/p>\n<p _msthash=\"972816\" _msthidden=\"1\" _msttexthash=\"407329\" style=\"text-align: center;\"><span>&nbsp;Recupera la c<strong>onfianza y seguridad en ti <\/strong>y avanza en tu vida<\/span><\/p>\n<p><span style=\"\"><img decoding=\"async\" alt=\"\" data-id=\"3138\" width=\"718\" data-init-width=\"2560\" height=\"478\" data-init-height=\"1706\" title=\"1-1 escala\" src=\"https:\/\/reprogramacionintegral.com\/wp-content\/uploads\/2020\/10\/1-1-scaled-2.jpg\" data-width=\"718\" data-height=\"478\" style=\"\" mt-d=\"0\" mt-m=\"-5.75\" center-v-d=\"false\" loading=\"lazy\"><\/span><\/p>\n<p _msthash=\"972816\" _msthidden=\"1\" _msttexthash=\"407329\" style=\"text-align: center;\"><span>Manifiesta lo que deseas Profesionalmente<\/span><\/p>\n<p _msthash=\"972816\" _msthidden=\"1\" _msttexthash=\"407329\" style=\"text-align: center;\"><span><strong>Recon\u00e9ctate con la plenitud, satisfacci\u00f3n y paz <\/strong>en tu vida<\/span>&nbsp;<\/p>\n<p><span><img decoding=\"async\" alt=\"\" data-id=\"8152\" width=\"405\" data-init-width=\"1280\" height=\"270\" data-init-height=\"853\" title=\"wall-2794567_1280-1\" src=\"https:\/\/reprogramacionintegral.com\/wp-content\/uploads\/2022\/12\/wall-2794567_1280-1.jpg\" data-width=\"405\" data-height=\"270\" loading=\"lazy\"><\/span><\/p>\n<p _msthash=\"972816\" _msthidden=\"1\" _msttexthash=\"407329\" style=\"text-align: center;\"><strong>Sana tu Relaci\u00f3n de Pareja<\/strong> y<\/p>\n<p _msthash=\"972816\" _msthidden=\"1\" _msttexthash=\"407329\" style=\"text-align: center;\">&nbsp;Crea &nbsp;<strong>la<\/strong><strong>R<\/strong><strong>elaci\u00f3n de Pareja que deseas<\/strong><\/p>\n<p><span><img decoding=\"async\" alt=\"\" data-id=\"2393\" width=\"945\" data-init-width=\"640\" height=\"627\" data-init-height=\"425\" title=\"mujer con brazps abiertos a la vida\" src=\"https:\/\/reprogramacionintegral.com\/wp-content\/uploads\/2020\/09\/mujer-con-brazps-abiertos-a-la-vida.jpg\" data-width=\"945\" data-height=\"627\" style=\"\" loading=\"lazy\"><\/span><\/p>\n<p style=\"text-align: center;\"><span>&nbsp;Reconecta con <b>el amor, la aceptaci\u00f3n y la confianza en ti y si\u00e9ntete con el derecho a merecer<\/b><\/span><\/p>\n<h2 style=\"\"><span><strong><span><span _msthash=\"825423\" _msttexthash=\"952042\"><span>Conoce algunos<\/span> <span>testimonios&nbsp;<\/span><\/span><\/span><\/strong><\/span><\/h2>\n<h1 style=\"\"><span style=\"font-weight: 400; font-family: Palanquin;\"><span _msthash=\"3063021\" _msttexthash=\"748020\">\u201c<\/span><\/span><\/h1>\n<p><span>&nbsp;<\/span><span><span _msthash=\"3227146\" _msttexthash=\"4630483\">&nbsp; &nbsp; Hola mi nombre es Daniela, quiero contarles que me encant\u00f3 la sesi\u00f3n que tuve con Carmen!!!<\/span><\/span><\/p>\n<p style=\"text-align: center;\"><span><span _msthash=\"3532984\" _msttexthash=\"39007644\">Ella fue muy amorosa, amable y paciente, logr\u00f3 acompa\u00f1arme y guiarme durante toda la sesi\u00f3n y logramos ir muy profundo a la ra\u00edz de lo que necesitaba sanar, me sent\u00ed muy comprendida y contenida todo el tiempo y pude sentir los resultados literalmente a la ma\u00f1ana siguiente!!!<\/span><\/span><\/p>\n<p style=\"text-align: center;\"><span _msthash=\"3532985\" _msttexthash=\"7541859\">Me siento muy agradecida de haberla encontrado en mi camino de crecimiento interior y de reencuentro conmigo misma!!!<\/span><\/p>\n<p style=\"text-align: center;\">\n<p style=\"text-align: center;\" _msthash=\"3023761\" _msttexthash=\"327912\">&nbsp;Daniela &#8211; Argentina<\/p>\n<h1 style=\"\"><span style=\"font-weight: 400; font-family: Palanquin;\"><span _msthash=\"4129541\" _msttexthash=\"748020\">\u201c<\/span><\/span><\/h1>\n<p style=\"text-align: center;\"><span _msthash=\"4671784\" _msttexthash=\"5247567\">Hola Carmen Campos es una gran terapeuta, comprometida con sus pacientes <img decoding=\"async\" height=\"16\" width=\"16\" alt=\"\ud83d\ude09\" src=\"https:\/\/static.xx.fbcdn.net\/images\/emoji.php\/v9\/tb0\/1.5\/16\/1f609.png\" loading=\"lazy\">&nbsp;muchas gracias Carmen.<\/span><\/p>\n<p style=\"text-align: center;\">\n<p style=\"text-align: center;\"><span _msthash=\"4671785\" _msttexthash=\"3824301\">https:\/\/www.facebook.com\/permalink.php?story_fbid=1424331334432101&amp;id=100005657432604<\/span><\/p>\n<h1 style=\"text-align: center;\"><span style=\"font-family: &quot;Playfair Display&quot;; font-weight: 400;\" _msthash=\"4129542\" _msttexthash=\"268684\"><span style=\"color: rgb(68, 66, 68);\"><em>Avelina&nbsp;<\/em><\/span><span><span style=\"color: rgb(61, 66, 100);\">&#8211; M\u00e9xico<\/span><\/span><\/span><\/h1>\n<h1 style=\"\"><span style=\"font-weight: 400; font-family: Palanquin;\"><span _msthash=\"7488416\" _msttexthash=\"748020\">\u201c<\/span><\/span><\/h1>\n<p style=\"text-align: center;\"><span _msthash=\"4671786\" _msttexthash=\"25386478\"><span>Quiero compartirles mi experiencia con las terapias de Carmen, realmente he sentido un cambio en mi para bien, ahora me enfoco en mi, en lo que me gusta y lo que deseo lograr, he dejado el pasado atr\u00e1s y se a donde quiero llegar<\/span>.<\/span><\/p>\n<h1 style=\"text-align: center;\"><span style=\"font-family: &quot;Playfair Display&quot;; font-weight: 400;\" _msthash=\"4129543\" _msttexthash=\"232752\"><span style=\"color: rgb(68, 66, 68);\"><em>Bel\u00e9n<\/em><\/span><span><span style=\"color: rgb(68, 66, 68);\">&nbsp;<\/span><span style=\"color: rgb(61, 66, 100);\">-Espa\u00f1a<\/span><\/span><\/span><\/h1>\n<p style=\"text-align: center;\"><strong _msthash=\"1074632\" _msttexthash=\"1812161\">Costo de sesi\u00f3n online :<\/strong><\/p>\n<p style=\"text-align: center;\"><strong _msthash=\"1074632\" _msttexthash=\"1812161\">&nbsp;$1,000.00 (pesos mexicanos)<\/strong><\/p>\n<p style=\"text-align: center;\"><strong _msthash=\"1074633\" _msttexthash=\"453947\"><\/strong><\/p>\n<p style=\"text-align: center; font-size: 20px !important;\">Lo que vas a obtener<\/p>\n<p style=\"text-align: center; font-size: 20px !important;\"><strong><span style=\"color: rgba(220, 14, 164, 0.88);\">&gt;&gt; 1:15 hrs. de sesi\u00f3n online<\/span><\/strong><\/p>\n<p style=\"text-align: center;\"><span><b style=\"color: rgba(220, 14, 164, 0.88); font-size: 20px !important;\">&gt;&gt; Contacto v<\/b><span style=\"font-size: 20px;\"><b>\u00eda<\/b><\/span><b style=\"color: rgba(220, 14, 164, 0.88); font-size: 20px !important;\">&nbsp;WhatsApp en el periodo entre sesiones<\/b><\/span><\/p>\n<p style=\"text-align: center; font-size: 20px !important;\"><span style=\"color: rgba(220, 14, 164, 0.88);\"><strong>&gt;&gt; Material de apoyo&nbsp;<\/strong><\/span><\/p>\n<p style=\"text-align: center; font-size: 20px !important;\"><strong><span style=\"color: rgba(220, 14, 164, 0.88);\"><\/span><\/strong><\/p>\n<p><a href=\"https:\/\/wa.me\/525532336912?text=\" target=\"_blank\" rel=\"noopener\">                    <\/a><\/p>\n<p style=\"text-align: center;\"><a href=\"https:\/\/wa.me\/525532336912?text=\" target=\"_blank\" style=\"outline: none;\" rel=\"noopener\">(52)5532336912<\/a><\/p>\n<p><a href=\"mailto:carmencampos@menteatufavor.com\" target=\"_blank\" rel=\"noopener\">                    <\/a><\/p>\n<p style=\"text-align: center;\"><a href=\"mailto:carmencampos@menteatufavor.com\" target=\"_blank\" style=\"outline: none;\" rel=\"noopener\">carmencampos@menteatufavor.com<\/a><\/p>\n<p><a href=\"https:\/\/www.facebook.com\/menteatufavor\/\" target=\"_blank\" rel=\"noopener\">                    <\/a><\/p>\n<p style=\"text-align: center;\"><a href=\"https:\/\/www.facebook.com\/menteatufavor\/\" target=\"_blank\" style=\"outline: none;\" rel=\"noopener\">@menteatufavor<\/a><\/p>\n<p><span><a href=\"https:\/\/www.instagram.com\/menteatufavor\" target=\"_blank\" rel=\"noopener\"><img decoding=\"async\" alt=\"\" data-id=\"5708\" width=\"48\" data-init-width=\"512\" height=\"48\" data-init-height=\"512\" title=\"icono de instagram\" src=\"https:\/\/reprogramacionintegral.com\/wp-content\/uploads\/2021\/06\/instagram-icono.png\" data-width=\"48\" data-height=\"48\" style=\"\" data-link-wrap=\"true\" loading=\"lazy\"><\/a><\/span><\/p>\n<p _msthash=\"972816\" _msttexthash=\"407329\" _msthidden=\"1\"><a href=\"https:\/\/www.instagram.com\/menteatufavor\" target=\"_blank\" style=\"outline: none;\" rel=\"noopener\">instagram.com\/menteatufavor.com<\/a><\/p>\n<p><span><a href=\"https:\/\/reprogramacionintegral.com\" target=\"_blank\" rel=\"noopener\"><img decoding=\"async\" alt=\"\" data-id=\"6019\" width=\"172\" data-init-width=\"1920\" height=\"97\" data-init-height=\"1080\" title=\"logo-extra-grande-5\" src=\"https:\/\/reprogramacionintegral.com\/wp-content\/uploads\/2021\/07\/logo-extra-grande-5-2.png\" data-width=\"172\" data-height=\"97\" style=\"\" data-link-wrap=\"true\" loading=\"lazy\"><\/a><\/span><\/p>\n<p _msthash=\"1056640\" _msthidden=\"1\" _msttexthash=\"407329\" style=\"text-align: center;\"><a href=\"https:\/\/reprogramacionintegral.com\" target=\"_blank\" style=\"outline: none;\" rel=\"noopener\">https:\/\/reprogramacionintegral.com<\/a><\/p>\n<p _msthash=\"1056640\" _msthidden=\"1\" _msttexthash=\"407329\" style=\"text-align: center;\"><a href=\"http:\/\/menteatufavor.com\" target=\"_blank\" style=\"outline: none;\" rel=\"noopener\">menteatufavor.com<\/a><\/p>\n<p><span style=\"\"><a href=\"http:\/\/youtube.com\/@menteatufavor\" target=\"_blank\" rel=\"noopener\"><img decoding=\"async\" alt=\"\" data-id=\"5709\" width=\"136\" data-init-width=\"1920\" height=\"77\" data-init-height=\"1080\" title=\"youtube 3\" src=\"https:\/\/reprogramacionintegral.com\/wp-content\/uploads\/2021\/06\/youtube-3.png\" data-width=\"136\" data-height=\"77\" style=\"\" mt-d=\"-24\" center-v-d=\"false\" data-link-wrap=\"true\" loading=\"lazy\"><\/a><\/span><\/p>\n<p _msthash=\"972816\" _msthidden=\"1\" _msttexthash=\"407329\"><a href=\"http:\/\/youtube.com\/@menteatufavor\" style=\"outline: none;\" target=\"_blank\" rel=\"noopener\">youtube.com\/@menteatufavor<\/a><\/p>\n<p _msthash=\"972816\" _msthidden=\"1\" _msttexthash=\"407329\" style=\"text-align: center;\"><a href=\"https:\/\/www.reprogramacionintegral.com\/\" target=\"_blank\" style=\"outline: none;\" rel=\"noopener\"><strong><span style=\"font-size: 22px;\">&gt;&gt;<\/span><\/strong> Ir a p\u00e1gina de Inicio <strong><span style=\"font-size: 22px;\">&lt;&lt;<\/span><\/strong><\/a><\/p>\n<h4 style=\"text-align: center;\" _msthash=\"826098\" _msttexthash=\"40174381\">\u00a9 2025 Reprogramaci\u00f3n Integral \u2013 Todos los derechos reservados<span style=\"color: rgb(255, 255, 255);\"><a href=\"https:\/\/reprogramacionintegral.com\/index.php\/aviso-legal\/\" style=\"outline: none;\">Aviso Legal<\/a> \u2013 <a href=\"https:\/\/reprogramacionintegral.com\/index.php\/politica-de-privacidad-y-cookies\/\" target=\"_blank\" style=\"outline: none;\" rel=\"noopener\">Pol\u00edtica de privacidad <\/a>\u2013 <a href=\"https:\/\/reprogramacionintegral.com\/index.php\/politica-de-privacidad-y-cookies\/\" style=\"outline: none;\">Cookies<\/a>&nbsp;\u2013&nbsp;<a href=\"https:\/\/reprogramacionintegral.com\/index.php\/politica-de-contratacion\/\" style=\"outline: none;\">Contrataci\u00f3n<\/a><\/span><\/h4>\n","protected":false},"excerpt":{"rendered":"<p>MENTE A TU FAVOR Eleva la Vibraci\u00f3n de tus Pensamientos y Emociones Manifiesta lo que deseas en cada \u00e1rea de tu vida TERAPIAS&nbsp; ONLINE&nbsp; &nbsp; &nbsp;Supera tu ruptura emocional&nbsp;en tiempo record&nbsp; &nbsp;Recupera la confianza y seguridad en ti y avanza en tu vida Manifiesta lo que deseas Profesionalmente Recon\u00e9ctate con la plenitud, satisfacci\u00f3n y paz [&hellip;]<\/p>\n","protected":false},"author":1,"featured_media":0,"parent":0,"menu_order":0,"comment_status":"closed","ping_status":"closed","template":"","meta":[],"aioseo_notices":[],"_links":{"self":[{"href":"https:\/\/reprogramacionintegral.com\/index.php\/wp-json\/wp\/v2\/pages\/5545"}],"collection":[{"href":"https:\/\/reprogramacionintegral.com\/index.php\/wp-json\/wp\/v2\/pages"}],"about":[{"href":"https:\/\/reprogramacionintegral.com\/index.php\/wp-json\/wp\/v2\/types\/page"}],"author":[{"embeddable":true,"href":"https:\/\/reprogramacionintegral.com\/index.php\/wp-json\/wp\/v2\/users\/1"}],"replies":[{"embeddable":true,"href":"https:\/\/reprogramacionintegral.com\/index.php\/wp-json\/wp\/v2\/comments?post=5545"}],"version-history":[{"count":76,"href":"https:\/\/reprogramacionintegral.com\/index.php\/wp-json\/wp\/v2\/pages\/5545\/revisions"}],"predecessor-version":[{"id":8379,"href":"https:\/\/reprogramacionintegral.com\/index.php\/wp-json\/wp\/v2\/pages\/5545\/revisions\/8379"}],"wp:attachment":[{"href":"https:\/\/reprogramacionintegral.com\/index.php\/wp-json\/wp\/v2\/media?parent=5545"}],"curies":[{"name":"wp","href":"https:\/\/api.w.org\/{rel}","templated":true}]}}