{"id":5510,"date":"2021-06-12T10:30:41","date_gmt":"2021-06-12T15:30:41","guid":{"rendered":"https:\/\/reprogramacionintegral.com\/?page_id=5510"},"modified":"2025-02-17T09:38:41","modified_gmt":"2025-02-17T15:38:41","slug":"contacto","status":"publish","type":"page","link":"https:\/\/reprogramacionintegral.com\/index.php\/contacto\/","title":{"rendered":"Contacto"},"content":{"rendered":"<p><span><a href=\"http:\/\/ https:\/\/www.reprogramacionintegral.com\/\" target=\"_blank\" rel=\"noopener\"><img decoding=\"async\" alt=\"\" data-id=\"5195\" width=\"296\" data-init-width=\"1920\" height=\"167\" data-init-height=\"1080\" title=\"logotipo extra grande\" src=\"https:\/\/reprogramacionintegral.com\/wp-content\/uploads\/2021\/05\/logo-extra-grande-5.png\" data-width=\"296\" data-height=\"167\" data-link-wrap=\"true\" style=\"\" loading=\"lazy\"><\/a><\/span><\/p>\n<h1 _msthash=\"972816\" _msthidden=\"1\" _msttexthash=\"407329\" style=\"text-align: center;\"><em>MENTE A TU FAVOR<\/em><\/h1>\n<h2 _msthash=\"972816\" _msthidden=\"1\" _msttexthash=\"407329\" style=\"text-align: center;\"><em><span><span>Eleva la Vibraci\u00f3n de tus <span>Pensamientos<\/span> y<\/span><span> Emociones<\/span><\/span><\/em><\/h2>\n<h2 style=\"text-align: center;\"><em><span><span>Manifiesta lo que deseas en<\/span> <span>cada \u00e1rea de<\/span> <span>tu<\/span> <span>vida<\/span><\/span><\/em><\/h2>\n<p><span><a href=\"mailto:carmencampos@menteatufavor.com\" target=\"_blank\" rel=\"noopener\"><img decoding=\"async\" alt=\"\" data-id=\"5666\" width=\"577\" data-init-width=\"1920\" height=\"325\" data-init-height=\"1080\" title=\"email\" src=\"https:\/\/reprogramacionintegral.com\/wp-content\/uploads\/2021\/06\/email.png\" data-width=\"577\" data-height=\"325\" style=\"\" data-link-wrap=\"true\" loading=\"lazy\"><\/a><\/span><\/p>\n<p _msthash=\"972816\" _msttexthash=\"407329\" _msthidden=\"1\" style=\"text-align: center;\"><a href=\"mailto:carmencampos@menteatufavor.com\" target=\"_blank\" style=\"outline: none;\" rel=\"noopener\">M\u00e1ndame un e-mail<\/a><\/p>\n<p><span><a href=\"https:\/\/wa.me\/525532336912?text=\" target=\"_blank\" rel=\"noopener\"><img decoding=\"async\" alt=\"\" data-id=\"5524\" width=\"577\" data-init-width=\"1920\" height=\"324\" data-init-height=\"1077\" title=\"whatsapp-2503235_1920\" src=\"https:\/\/reprogramacionintegral.com\/wp-content\/uploads\/2021\/06\/whatsapp-2503235_1920.jpg\" data-width=\"577\" data-height=\"324\" style=\"\" data-link-wrap=\"true\" loading=\"lazy\"><\/a><\/span><\/p>\n<p _msthash=\"972816\" _msttexthash=\"407329\" _msthidden=\"1\" style=\"text-align: center;\"><a href=\"https:\/\/wa.me\/525532336912?text=\" target=\"_blank\" style=\"outline: none;\" rel=\"noopener\">Escr\u00edbeme por WhatsApp<\/a><\/p>\n<p><span><a href=\"https:\/\/reprogramacionintegral.com\" target=\"_blank\" rel=\"noopener\"><img decoding=\"async\" alt=\"\" data-id=\"6019\" width=\"172\" data-init-width=\"1920\" height=\"97\" data-init-height=\"1080\" title=\"logo-extra-grande-5\" src=\"https:\/\/reprogramacionintegral.com\/wp-content\/uploads\/2021\/07\/logo-extra-grande-5-2.png\" data-width=\"172\" data-height=\"97\" style=\"\" data-link-wrap=\"true\" loading=\"lazy\"><\/a><\/span><\/p>\n<p _msthash=\"1056640\" _msthidden=\"1\" _msttexthash=\"407329\" style=\"text-align: center;\"><a href=\"https:\/\/reprogramacionintegral.com\" target=\"_blank\" style=\"outline: none;\" rel=\"noopener\">https:\/\/reprogramacionintegral.com<\/a><\/p>\n<p _msthash=\"1056640\" _msthidden=\"1\" _msttexthash=\"407329\" style=\"text-align: center;\"><a href=\"http:\/\/menteatufavor.com\" target=\"_blank\" style=\"outline: none;\" rel=\"noopener\">menteatufavor.com<\/a><\/p>\n<p><span style=\"\"><a href=\"http:\/\/youtube.com\/@menteatufavor\" target=\"_blank\" rel=\"noopener\"><img decoding=\"async\" alt=\"\" data-id=\"5709\" width=\"136\" data-init-width=\"1920\" height=\"77\" data-init-height=\"1080\" title=\"youtube 3\" src=\"https:\/\/reprogramacionintegral.com\/wp-content\/uploads\/2021\/06\/youtube-3.png\" data-width=\"136\" data-height=\"77\" style=\"\" mt-d=\"-24\" center-v-d=\"false\" data-link-wrap=\"true\" loading=\"lazy\"><\/a><\/span><\/p>\n<p _msthash=\"972816\" _msthidden=\"1\" _msttexthash=\"407329\"><a href=\"http:\/\/youtube.com\/@menteatufavor\" style=\"outline: none;\" target=\"_blank\" rel=\"noopener\">youtube.com\/@menteatufavor<\/a><\/p>\n<p><a href=\"https:\/\/wa.me\/525532336912?text=\" target=\"_blank\" rel=\"noopener\">                    <\/a><\/p>\n<p style=\"text-align: center;\"><a href=\"https:\/\/wa.me\/525532336912?text=\" target=\"_blank\" style=\"outline: none;\" rel=\"noopener\">(52)5532336912<\/a><\/p>\n<p><a href=\"mailto:carmencampos@menteatufavor.com\" target=\"_blank\" rel=\"noopener\">                    <\/a><\/p>\n<p style=\"text-align: center;\"><a href=\"mailto:carmencampos@menteatufavor.com\" target=\"_blank\" style=\"outline: none;\" rel=\"noopener\">carmencampos@menteatufavor.com<\/a><\/p>\n<p><a href=\"https:\/\/www.facebook.com\/menteatufavor\/\" target=\"_blank\" rel=\"noopener\">                    <\/a><\/p>\n<p style=\"text-align: center;\"><a href=\"https:\/\/www.facebook.com\/menteatufavor\/\" target=\"_blank\" style=\"outline: none;\" rel=\"noopener\">@menteatufavor<\/a><\/p>\n<p><span><a href=\"https:\/\/www.instagram.com\/menteatufavor\" target=\"_blank\" rel=\"noopener\"><img decoding=\"async\" alt=\"\" data-id=\"5708\" width=\"48\" data-init-width=\"512\" height=\"48\" data-init-height=\"512\" title=\"icono de instagram\" src=\"https:\/\/reprogramacionintegral.com\/wp-content\/uploads\/2021\/06\/instagram-icono.png\" data-width=\"48\" data-height=\"48\" style=\"\" data-link-wrap=\"true\" loading=\"lazy\"><\/a><\/span><\/p>\n<p _msthash=\"972816\" _msttexthash=\"407329\" _msthidden=\"1\"><a href=\"https:\/\/www.instagram.com\/menteatufavor\" target=\"_blank\" style=\"outline: none;\" rel=\"noopener\">instagram.com\/menteatufavor.com<\/a><\/p>\n<p _msthash=\"972816\" _msttexthash=\"407329\" _msthidden=\"1\" style=\"text-align: center;\"><a href=\"https:\/\/reprogramacionintegral.com\/\" target=\"_blank\" style=\"outline: none;\" rel=\"noopener\"><strong><span style=\"font-size: 25px;\">&gt;&gt;<\/span><\/strong>Ir a p\u00e1gina de Inicio<strong><span style=\"font-size: 25px;\">&lt;&lt;<\/span><\/strong><\/a><\/p>\n<h4 style=\"text-align: center;\">\u00a9 2025&nbsp; Reprogramaci\u00f3n Integral \u2013 Todos los derechos reservados<span style=\"color: rgb(255, 255, 255);\"><a href=\"https:\/\/reprogramacionintegral.com\/index.php\/politica-de-contratacion\/\" style=\"outline: none;\">Aviso Legal<\/a> \u2013 <a href=\"https:\/\/reprogramacionintegral.com\/index.php\/politica-de-privacidad-y-cookies\/\" target=\"_blank\" style=\"outline: none;\" rel=\"noopener\"><\/a><\/span><a href=\"https:\/\/reprogramacionintegral.com\/index.php\/politica-de-privacidad-y-cookies\/\" target=\"_blank\" rel=\"noopener\"><span style=\"color: rgb(255, 255, 255);\">Pol\u00edtica de privacidad<\/span><\/a>&nbsp;<span style=\"color: rgb(255, 255, 255);\">&#8211;<\/span><a href=\"https:\/\/reprogramacionintegral.com\/index.php\/politica-de-privacidad-y-cookies\/\" target=\"_blank\" style=\"outline: none;\" rel=\"noopener\">Cookies<\/a> \u2013 <a href=\"https:\/\/reprogramacionintegral.com\/index.php\/politica-de-contratacion\/\" style=\"outline: none;\">Contrataci\u00f3n<\/a><\/h4>\n","protected":false},"excerpt":{"rendered":"<p>MENTE A TU FAVOR Eleva la Vibraci\u00f3n de tus Pensamientos y Emociones Manifiesta lo que deseas en cada \u00e1rea de tu vida M\u00e1ndame un e-mail Escr\u00edbeme por WhatsApp https:\/\/reprogramacionintegral.com menteatufavor.com youtube.com\/@menteatufavor (52)5532336912 carmencampos@menteatufavor.com @menteatufavor instagram.com\/menteatufavor.com &gt;&gt;Ir a p\u00e1gina de Inicio&lt;&lt; \u00a9 2025&nbsp; Reprogramaci\u00f3n Integral \u2013 Todos los derechos reservadosAviso Legal \u2013 Pol\u00edtica de privacidad&nbsp;&#8211;Cookies \u2013 [&hellip;]<\/p>\n","protected":false},"author":1,"featured_media":0,"parent":0,"menu_order":0,"comment_status":"closed","ping_status":"closed","template":"","meta":[],"aioseo_notices":[],"_links":{"self":[{"href":"https:\/\/reprogramacionintegral.com\/index.php\/wp-json\/wp\/v2\/pages\/5510"}],"collection":[{"href":"https:\/\/reprogramacionintegral.com\/index.php\/wp-json\/wp\/v2\/pages"}],"about":[{"href":"https:\/\/reprogramacionintegral.com\/index.php\/wp-json\/wp\/v2\/types\/page"}],"author":[{"embeddable":true,"href":"https:\/\/reprogramacionintegral.com\/index.php\/wp-json\/wp\/v2\/users\/1"}],"replies":[{"embeddable":true,"href":"https:\/\/reprogramacionintegral.com\/index.php\/wp-json\/wp\/v2\/comments?post=5510"}],"version-history":[{"count":102,"href":"https:\/\/reprogramacionintegral.com\/index.php\/wp-json\/wp\/v2\/pages\/5510\/revisions"}],"predecessor-version":[{"id":8340,"href":"https:\/\/reprogramacionintegral.com\/index.php\/wp-json\/wp\/v2\/pages\/5510\/revisions\/8340"}],"wp:attachment":[{"href":"https:\/\/reprogramacionintegral.com\/index.php\/wp-json\/wp\/v2\/media?parent=5510"}],"curies":[{"name":"wp","href":"https:\/\/api.w.org\/{rel}","templated":true}]}}