{"id":5131,"date":"2021-05-17T02:29:43","date_gmt":"2021-05-17T07:29:43","guid":{"rendered":"https:\/\/reprogramacionintegral.com\/?page_id=5131"},"modified":"2023-04-27T15:40:42","modified_gmt":"2023-04-27T20:40:42","slug":"manifiesta-tu-intencion-meditacion-de-visualizacion-creativa","status":"publish","type":"page","link":"https:\/\/reprogramacionintegral.com\/index.php\/manifiesta-tu-intencion-meditacion-de-visualizacion-creativa\/","title":{"rendered":"Manifiesta tu Intenci\u00f3n &#038; Meditaci\u00f3n de Visualizaci\u00f3n Creativa"},"content":{"rendered":"<a class=\"tcb-logo thrv_wrapper\" data-css=\"tve-u-1794d02440a\" data-img-style=\"\" class=\"\"><img src=\"https:\/\/reprogramacionintegral.com\/wp-content\/uploads\/2021\/05\/logo-extra-grande-2.png\" height=\"1080\" width=\"1920\" alt=\"\" style=\"\"><\/img><\/a>\n<h1 data-unit=\"px\" style=\"text-align: center;\"><strong><span style=\"\"> <em>&nbsp;MENTE&nbsp;<\/em><\/span><\/strong><em><strong><span style=\"\">A TU FAVOR<\/span><\/strong><\/em><\/h1>\n<h2 data-unit=\"px\" style=\"text-align: center;\"><span> <\/span><em><strong><span>Eleva la vibraci\u00f3n de tus Pensamientos y Emociones<\/span><\/strong><\/em><\/h2>\n<h2 data-unit=\"px\" style=\"text-align: center;\"><em><strong><span>&nbsp;Manifiesta lo que deseas en cada \u00e1rea de tu vida<\/span><\/strong><\/em><\/h2>\n<h2 data-unit=\"px\" style=\"text-align: center;\"><strong><em><\/em><\/strong><\/h2>\n<h1 _msthash=\"972816\" _msthidden=\"1\" _msttexthash=\"407329\" style=\"text-align: center;\">Descarga tu Gu\u00eda Gratuita<\/h1>\n<h1 _msthash=\"972816\" _msthidden=\"1\" _msttexthash=\"407329\" style=\"text-align: center;\">&nbsp;&#8220;Manifiesta tu Intenci\u00f3n&#8221;<\/h1>\n<\/p>\n<p>&amp;<\/p>\n<p style=\"text-align: center;\">\n<p><span><img decoding=\"async\" alt=\"\" data-id=\"4484\" width=\"961\" data-init-width=\"1920\" height=\"541\" data-init-height=\"1080\" title=\"Claves para manifestar tu intenci\u00f3n\" src=\"https:\/\/reprogramacionintegral.com\/wp-content\/uploads\/2021\/04\/Claves-para-manifestar-tu-intencion.png\" data-width=\"961\" data-height=\"541\" style=\"\" loading=\"lazy\"><\/span><\/p>\n<p _msthash=\"972816\" _msthidden=\"1\" _msttexthash=\"407329\" style=\"text-align: center;\"><a href=\"https:\/\/1drv.ms\/b\/s!Ahz7wEN0pYpnhwuHp8NrUXjKueGT?e=igorIl\" style=\"outline: none;\" target=\"_blank\" rel=\"noopener\">Descargar Gu\u00eda<\/a><\/p>\n<p><a href=\"https:\/\/wa.me\/525532336912?text=\" target=\"_blank\" rel=\"noopener\">                    <\/a><\/p>\n<p style=\"text-align: center;\"><a href=\"https:\/\/wa.me\/525532336912?text=\" target=\"_blank\" style=\"outline: none;\" rel=\"noopener\">525532336912<\/a><\/p>\n<p><a href=\"mailto:carmencampos@menteatufavor.com\" target=\"_blank\" rel=\"noopener\">                    <\/a><\/p>\n<p style=\"text-align: center;\"><a href=\"mailto:carmencampos@menteatufavor.com\" target=\"_blank\" style=\"outline: none;\" rel=\"noopener\">carmencampos@menteatufavor.com<\/a><\/p>\n<p><a href=\"https:\/\/www.facebook.com\/menteatufavor\/\" target=\"_blank\" rel=\"noopener\">                    <\/a><\/p>\n<p style=\"text-align: center;\"><a href=\"https:\/\/www.facebook.com\/menteatufavor\/\" target=\"_blank\" style=\"outline: none;\" rel=\"noopener\">@menteatufavor<\/a><\/p>\n<p><span><a href=\"https:\/\/www.instagram.com\/menteatufavor\" target=\"_blank\" rel=\"noopener\"><img decoding=\"async\" alt=\"\" data-id=\"5708\" width=\"48\" data-init-width=\"512\" height=\"48\" data-init-height=\"512\" title=\"icono de instagram\" src=\"https:\/\/reprogramacionintegral.com\/wp-content\/uploads\/2021\/06\/instagram-icono.png\" data-width=\"48\" data-height=\"48\" style=\"\" data-link-wrap=\"true\" loading=\"lazy\"><\/a><\/span><\/p>\n<p _msthash=\"972816\" _msttexthash=\"407329\" _msthidden=\"1\" style=\"\"><a href=\"https:\/\/www.instagram.com\/menteatufavor\" target=\"_blank\" style=\"outline: none;\" rel=\"noopener\">Instagram.com\/menteatufavor.com<\/a><\/p>\n<p><span style=\"\"><a href=\"https:\/\/www.youtube.com\/@menteatufavor\" target=\"_blank\" rel=\"noopener\"><img decoding=\"async\" alt=\"\" data-id=\"5709\" width=\"136\" data-init-width=\"1920\" height=\"77\" data-init-height=\"1080\" title=\"youtube 3\" src=\"https:\/\/reprogramacionintegral.com\/wp-content\/uploads\/2021\/06\/youtube-3.png\" data-width=\"136\" data-height=\"77\" style=\"\" mt-d=\"-24\" center-v-d=\"false\" data-link-wrap=\"true\" loading=\"lazy\"><\/a><\/span>https:\/\/www.youtube.com\/@menteatufavor<\/p>\n<p _msthash=\"972816\" _msttexthash=\"407329\" _msthidden=\"1\" style=\"text-align: center;\"><strong><span style=\"font-size: 22px;\">&gt;&gt;<\/span><\/strong><a href=\"https:\/\/reprogramacionintegral.com\/\" target=\"_blank\" _msthash=\"573404\" _msttexthash=\"361738\" style=\"outline: none;\" rel=\"noopener\">Ir a p\u00e1gina de inicio<\/a><strong><span style=\"font-size: 22px;\">&lt;&lt;<\/span><\/strong><strong><\/strong><\/p>\n<h4 style=\"text-align: center;\" _msthash=\"1099969\" _msttexthash=\"40174524\">\u00a9 2023 Reprogramaci\u00f3n Integral \u2013 Todos los derechos reservados<a href=\"https:\/\/reprogramacionintegral.com\/index.php\/aviso-legal\/\" target=\"_blank\" style=\"outline: none;\" rel=\"noopener\"><span style=\"color: rgb(255, 255, 255);\">Aviso Legal <\/span><\/a><span style=\"color: rgb(255, 255, 255);\">\u2013 <a href=\"https:\/\/reprogramacionintegral.com\/index.php\/politica-de-privacidad-y-cookies\/\" target=\"_blank\" style=\"outline: none;\" rel=\"noopener\">Pol\u00edtica de privacidad <\/a>\u2013 <a href=\"https:\/\/reprogramacionintegral.com\/index.php\/politica-de-privacidad-y-cookies\/\" style=\"outline: none;\">Cookies<\/a>&nbsp;\u2013&nbsp;<a href=\"https:\/\/reprogramacionintegral.com\/index.php\/politica-de-contratacion\/\" style=\"outline: none;\">Contrataci\u00f3n<\/a><\/span><\/h4>\n","protected":false},"excerpt":{"rendered":"<p>&nbsp;MENTE&nbsp;A TU FAVOR Eleva la vibraci\u00f3n de tus Pensamientos y Emociones &nbsp;Manifiesta lo que deseas en cada \u00e1rea de tu vida Descarga tu Gu\u00eda Gratuita &nbsp;&#8220;Manifiesta tu Intenci\u00f3n&#8221; &amp; Descargar Gu\u00eda 525532336912 carmencampos@menteatufavor.com @menteatufavor Instagram.com\/menteatufavor.com https:\/\/www.youtube.com\/@menteatufavor &gt;&gt;Ir a p\u00e1gina de inicio&lt;&lt; \u00a9 2023 Reprogramaci\u00f3n Integral \u2013 Todos los derechos reservadosAviso Legal \u2013 Pol\u00edtica de privacidad [&hellip;]<\/p>\n","protected":false},"author":1,"featured_media":0,"parent":0,"menu_order":0,"comment_status":"closed","ping_status":"closed","template":"","meta":[],"aioseo_notices":[],"_links":{"self":[{"href":"https:\/\/reprogramacionintegral.com\/index.php\/wp-json\/wp\/v2\/pages\/5131"}],"collection":[{"href":"https:\/\/reprogramacionintegral.com\/index.php\/wp-json\/wp\/v2\/pages"}],"about":[{"href":"https:\/\/reprogramacionintegral.com\/index.php\/wp-json\/wp\/v2\/types\/page"}],"author":[{"embeddable":true,"href":"https:\/\/reprogramacionintegral.com\/index.php\/wp-json\/wp\/v2\/users\/1"}],"replies":[{"embeddable":true,"href":"https:\/\/reprogramacionintegral.com\/index.php\/wp-json\/wp\/v2\/comments?post=5131"}],"version-history":[{"count":30,"href":"https:\/\/reprogramacionintegral.com\/index.php\/wp-json\/wp\/v2\/pages\/5131\/revisions"}],"predecessor-version":[{"id":8246,"href":"https:\/\/reprogramacionintegral.com\/index.php\/wp-json\/wp\/v2\/pages\/5131\/revisions\/8246"}],"wp:attachment":[{"href":"https:\/\/reprogramacionintegral.com\/index.php\/wp-json\/wp\/v2\/media?parent=5131"}],"curies":[{"name":"wp","href":"https:\/\/api.w.org\/{rel}","templated":true}]}}