{"id":4973,"date":"2021-05-14T18:39:08","date_gmt":"2021-05-14T23:39:08","guid":{"rendered":"https:\/\/reprogramacionintegral.com\/?page_id=4973"},"modified":"2025-10-29T16:38:06","modified_gmt":"2025-10-29T22:38:06","slug":"realizacion-profesional","status":"publish","type":"page","link":"https:\/\/reprogramacionintegral.com\/index.php\/realizacion-profesional\/","title":{"rendered":"Realizaci\u00f3n Profesional"},"content":{"rendered":"<a class=\"tcb-logo thrv_wrapper\" data-css=\"tve-u-1794d02440a\" data-img-style=\"\" class=\"\"><img src=\"https:\/\/reprogramacionintegral.com\/wp-content\/uploads\/2021\/05\/logo-extra-grande-2.png\" height=\"1080\" width=\"1920\" alt=\"\" style=\"\"><\/img><\/a>\n<h1 data-unit=\"px\" style=\"text-align: center;\"><strong><span style=\"\">&nbsp;<em>&nbsp;<\/em><em>MENTE&nbsp;<\/em><\/span><\/strong><em><strong>A TU FAVOR<\/strong><\/em><\/h1>\n<h2 data-unit=\"px\" style=\"text-align: center;\"><em><span style=\"\"><span style=\"\"><span style=\"\"><strong><span style=\"\">Eleva la Vibraci\u00f3n de tus Pensamientos y Emociones&nbsp;<\/span><\/strong><\/span><\/span><\/span><\/em><\/h2>\n<h2 data-unit=\"px\" style=\"text-align: center;\"><em><span style=\"\"><span style=\"\"><span style=\"\"><strong><span style=\"\">Manifiesta lo que deseas en cada \u00e1rea de tu vida<\/span><\/strong><\/span><\/span><\/span><\/em><\/h2>\n<p><em><span><span><span><strong><span style=\"color: rgb(69, 19, 227);\"><\/span><\/strong><\/span><\/span><\/span><\/em><\/p>\n<p><em><span><span><span><strong><span style=\"color: rgb(69, 19, 227);\"><\/span><\/strong><\/span><\/span><\/span><\/em><\/p>\n<h2 data-unit=\"px\" style=\"text-align: center;\"><em><span><span><span><strong><span style=\"color: rgb(69, 19, 227);\"> <\/span><\/strong><\/span><\/span><\/span><\/em><\/h2>\n<h2 data-unit=\"px\" style=\"text-align: center;\"><span><span><em><strong><span><\/span><\/strong><\/em><\/span><\/span><\/h2>\n<h2 data-unit=\"px\" style=\"text-align: center;\"><strong><span> <\/span><\/strong><\/h2>\n<h3 style=\"text-align: center;\">Realizaci\u00f3n&nbsp; Profesional<\/h3>\n<p _msthash=\"972816\" _msthidden=\"1\" _msttexthash=\"407329\" style=\"text-align: center;\"><strong><span>\u00bfNo <strong>avanzas profesionalmente<\/strong>?<\/span><\/strong><\/p>\n<p _msthash=\"972816\" _msthidden=\"1\" _msttexthash=\"407329\" style=\"text-align: center;\"><span>\u00bfNo logras alcanzar el<\/span><strong><span> \u00e9xito profesional&nbsp;<\/span><\/strong><span>que deseas?<\/span><\/p>\n<p _msthash=\"972816\" _msthidden=\"1\" _msttexthash=\"407329\" style=\"text-align: center;\"><span>\u00bfSientes<\/span><strong><span>&nbsp;miedo a descuidar a tu familia<\/span><\/strong><span>, &nbsp;por &nbsp;expandirte profesionalmente?<\/span><\/p>\n<p _msthash=\"972816\" _msthidden=\"1\" _msttexthash=\"407329\" style=\"text-align: center;\"><span>\u00bfPor m\u00e1s que te esfuerzas no logras &nbsp;<strong>reconocimiento profesional<\/strong>?<\/span><\/p>\n<p _msthash=\"972816\" _msthidden=\"1\" _msttexthash=\"407329\" style=\"text-align: center;\">\n<p><span><img decoding=\"async\" alt=\"\" data-id=\"4928\" width=\"897\" data-init-width=\"1000\" height=\"897\" data-init-height=\"1000\" title=\"unnamed-file\" src=\"https:\/\/reprogramacionintegral.com\/wp-content\/uploads\/2021\/05\/unnamed-file.jpg\" data-width=\"897\" data-height=\"897\" style=\"\" loading=\"lazy\"><\/span><\/p>\n<p _msthash=\"972816\" _msthidden=\"1\" _msttexthash=\"407329\" style=\"text-align: center;\">Identifica y transforma las <strong>creencias limitantes<\/strong> que que impiden que avances en profesionalmente<\/p>\n<p _msthash=\"972816\" _msthidden=\"1\" _msttexthash=\"407329\" style=\"text-align: center;\">Reconoce tus miedos y a\u00fan con ellos <strong>avanza profesionalmente<\/strong>&nbsp;<\/p>\n<p _msthash=\"972816\" _msthidden=\"1\" _msttexthash=\"407329\" style=\"text-align: center;\">&nbsp;Logra crear un <strong>balance entre tu vida profesional y tu vida familiar<\/strong><\/p>\n<p _msthash=\"972816\" _msthidden=\"1\" _msttexthash=\"407329\" style=\"text-align: center;\"><b>Recon\u00e9ctate con<strong> la plenitud, la paz y la satisfacci\u00f3n<\/strong>, que te trae el alcanzar tus metas<\/b><\/p>\n<p _msthash=\"972816\" _msthidden=\"1\" _msttexthash=\"407329\" style=\"text-align: center;\">\n<p><span style=\"\"><img decoding=\"async\" alt=\"\" data-id=\"7842\" width=\"1417\" data-init-width=\"1920\" height=\"945\" data-init-height=\"1280\" title=\"design-3142269_1920\" src=\"https:\/\/reprogramacionintegral.com\/wp-content\/uploads\/2022\/07\/design-3142269_1920.jpg\" data-width=\"1417\" data-height=\"945\" style=\"\" ml-d=\"-1.48599999999999\" loading=\"lazy\"><\/span><\/p>\n<p style=\"text-align: center;\"><span><\/span><\/p>\n<p style=\"text-align: center;\"><strong><span>Identifica y transforma pensamientos, creencias y sentimientos limitantes que te impiden <strong>alcanzar tus metas profesionales<\/strong><\/span><\/strong><\/p>\n<p style=\"text-align: center;\"><strong><span><span>Ponte en resonancia con tus <b>talentos y cualidades profesionales y logra el posicionamiento que mereces<\/b><\/span><\/span><\/strong><\/p>\n<p style=\"text-align: center;\"><strong><span><span>Recon\u00e9ctate con la mejor versi\u00f3n de ti&nbsp; y<strong> crece profesionalmente<\/strong><\/span><\/span><\/strong><\/p>\n<p style=\"text-align: center;\"><strong><span><span>Logra manifestar lo que deseas en el \u00e1rea profesional&nbsp;<span>&nbsp;<\/span><\/span><\/span><span><span>e integra la <strong>realizaci\u00f3n y satisfacci\u00f3n <\/strong>en tu vida<\/span><\/span><\/strong><\/p>\n<p style=\"text-align: center;\">\n<p><span><img decoding=\"async\" width=\"1597\" height=\"647\" title=\"Canva - null\" alt=\"\" src=\"https:\/\/reprogramacionintegral.com\/wp-content\/uploads\/2021\/05\/Canva-null-1-1.jpg\" data-width=\"1597\" data-id=\"1736\" data-init-width=\"800\" data-init-height=\"324\" data-height=\"647\" loading=\"lazy\"><\/span><\/p>\n<p style=\"text-align: center;\" _msthash=\"804115\" _msttexthash=\"12410138\">Reprogramaci\u00f3n Integral es un m\u00e9todo basado en la<strong> neurociencia <\/strong>y la <strong>f\u00edsica cu\u00e1ntica<\/strong>, as\u00ed como en <strong>conocimientos ancestrales y t\u00e9cnicas milenarias .<\/strong><\/p>\n<p style=\"text-align: center;\"><strong><b _msthash=\"1384799\" _msttexthash=\"1476202\" style=\"font-size: 25px !important;\"><span>\u00bfPor qu\u00e9 elegir mi servicio de terapias<\/span> <span>online?<\/span><\/b><\/strong><\/p>\n<p style=\"text-align: center;\"><strong><span _msthash=\"1384800\" _msttexthash=\"438048\">TRATAMIENTO PERSONALIZADO<\/span><\/strong><\/p>\n<p style=\"text-align: center;\"><strong><span _msthash=\"1384801\" _msttexthash=\"37495562\">&gt;&gt; Las t\u00e9cnicas utilizadas ser\u00e1n completamente personalizadas, basadas en la evaluaci\u00f3n inicial de tu problema y en el avance que vayas teniendo, ya que cada persona somos \u00fanicos e irrepetibles aun y que tengamos el mismo problema cada uno sanamos de manera diferente.<\/span><\/strong><\/p>\n<p><a href=\"#\" _msthidden=\"1\"><span _msthidden=\"1\"><span _msthash=\"3232112\" _msttexthash=\"122317\" _msthidden=\"1\">Instance 1<\/span><\/span><\/a><\/p>\n<h5 style=\"\"><strong _msthash=\"4138875\" _msttexthash=\"167206\">SESI\u00d3N ONLINE<\/strong><\/h5>\n<ul>\n<li><span style=\"\" _msthash=\"5460585\" _msttexthash=\"1584453\">Obtienes 1:15<strong>hr<\/strong>. de sesi\u00f3n online&nbsp;<\/span><\/li>\n<li><span style=\"\" _msthash=\"5461781\" _msttexthash=\"5914857\">Desde la 1\u00b0 sesi\u00f3n tendr\u00e1s acceso a herramientas y material extra que te ayudan a avanzar en tu proceso<\/span><\/li>\n<li><span style=\"\" _msthash=\"5462977\" _msttexthash=\"6108258\">Esta comprobado que se obtienen los mismos resultados en sesiones online que en sesiones presenciales<\/span><\/li>\n<li><span style=\"\" _msthash=\"5462978\" _msttexthash=\"13131729\">Puedes tomar tu sesi\u00f3n desde tu Computadora, Tel\u00e9fono, m\u00f3vil o Ipad, solo necesitas descargar gratuitamente la plataforma de zoom y conexi\u00f3n a internet.<\/span><\/li>\n<\/ul>\n<h5 style=\"\"><strong _msthash=\"4139629\" _msttexthash=\"479115\">AHORRO de tiempo y dinero<\/strong><\/h5>\n<ul>\n<li><span style=\"\" _msthash=\"5461339\" _msttexthash=\"3904160\">Ahorras tiempo en el translado, al poder tomar tu sesi\u00f3n desde tu casa o tu oficina<\/span><\/li>\n<li><span style=\"\" _msthash=\"5462535\" _msttexthash=\"1110044\">Evitas tener que pagar estacionamiento<\/span><\/li>\n<li><span style=\"\" _msthash=\"5463731\" _msttexthash=\"808184\">Ahorras en gasolina o transporte<\/span><\/li>\n<li><span style=\"\" _msthash=\"5463731\" _msttexthash=\"808184\">Puedes tomar tu terapia en el pa\u00eds en donde te encuentres.<\/span><\/li>\n<\/ul>\n<h5 style=\"\"><strong _msthash=\"4140383\" _msttexthash=\"205855\">ACOMPA\u00d1AMIENTO<\/strong><\/h5>\n<p style=\"\" _msthash=\"4089345\" _msttexthash=\"6642766\">El proceso terap\u00e9utico no se limita a &nbsp;1:15hr. de sesi\u00f3n online, sino que entre sesi\u00f3n y sesi\u00f3n tendr\u00e1s:<\/p>\n<ul>\n<li><span style=\"\" _msthash=\"5462093\" _msttexthash=\"1289288\">&nbsp;Seguimiento a trav\u00e9s de WhatsApp&nbsp;.&nbsp;<\/span><\/li>\n<li><span style=\"\" _msthash=\"5464485\" _msttexthash=\"2530827\">Material de apoyo relacionado con el tema que est\u00e9s trabajando.<\/span><\/li>\n<\/ul>\n<p style=\"text-align: center;\"><strong _msthash=\"1074632\" _msttexthash=\"1812161\">El costo de sesi\u00f3n online es de $1,00.00 pesos mexicanos<\/strong><\/p>\n<p style=\"text-align: center;\"><strong _msthash=\"1074633\" _msttexthash=\"453947\"><\/strong><\/p>\n<p style=\"text-align: center; font-size: 20px !important;\"><strong><span _msthash=\"1074634\" _msttexthash=\"609505\">&gt;&gt; 1:15hr. de sesi\u00f3n online<\/span><\/strong><\/p>\n<p style=\"text-align: center;\"><strong _msthash=\"1074636\" _msttexthash=\"2523118\"><b style=\"color: rgba(220, 14, 164, 0.88); font-size: 20px !important;\">&gt;&gt; Contacto<span style=\"color: rgba(220, 14, 164, 0.88);\">&nbsp;<\/span><\/b><span style=\"color: rgba(220, 14, 164, 0.88);\"><span><b><span>v\u00eda<\/span><\/b><\/span><span><b style=\"color: rgba(220, 14, 164, 0.88); font-size: 20px !important;\">&nbsp;<\/b><span>WhatsApp<\/span><\/span><\/span><b style=\"color: rgba(220, 14, 164, 0.88); font-size: 20px !important;\"><span style=\"color: rgba(220, 14, 164, 0.88);\">&nbsp;<\/span>en el periodo entre sesiones<\/b><\/strong><\/p>\n<p style=\"text-align: center; font-size: 20px !important;\"><span><strong _msthash=\"1074637\" _msttexthash=\"342719\">&gt;&gt; Material de apoyo&nbsp;<\/strong><\/span><\/p>\n<\/p>\n<h1 style=\"\"><span style=\"font-weight: 400; font-family: Palanquin;\"><span _msthash=\"3063021\" _msttexthash=\"748020\">\u201c<\/span><\/span><\/h1>\n<p><span>&nbsp;<\/span><span><span _msthash=\"3227146\" _msttexthash=\"4630483\">&nbsp; &nbsp; Hola mi nombre es Daniela, quiero contarles que me encant\u00f3 la sesi\u00f3n que tuve con Carmen!!!<\/span><\/span><\/p>\n<p style=\"text-align: center;\"><span><span _msthash=\"3532984\" _msttexthash=\"39007644\">Ella fue muy amorosa, amable y paciente, logr\u00f3 acompa\u00f1arme y guiarme durante toda la sesi\u00f3n y logramos ir muy profundo a la ra\u00edz de lo que necesitaba sanar, me sent\u00ed muy comprendida y contenida todo el tiempo y pude sentir los resultados literalmente a la ma\u00f1ana siguiente!!!<\/span><\/span><\/p>\n<p style=\"text-align: center;\"><span _msthash=\"3532985\" _msttexthash=\"7541859\">Me siento muy agradecida de haberla encontrado en mi camino de crecimiento interior y de reencuentro conmigo misma!!!<\/span><\/p>\n<p style=\"text-align: center;\">\n<p style=\"text-align: center;\" _msthash=\"3023761\" _msttexthash=\"327912\">&nbsp;Daniela &#8211; Argentina<\/p>\n<h1 style=\"\"><span style=\"font-weight: 400; font-family: Palanquin;\"><span _msthash=\"4129541\" _msttexthash=\"748020\">\u201c<\/span><\/span><\/h1>\n<p style=\"text-align: center;\"><span _msthash=\"4671784\" _msttexthash=\"5247567\">Hola Carmen Campos es una gran terapeuta, comprometida con sus pacientes <img decoding=\"async\" height=\"16\" width=\"16\" alt=\"\ud83d\ude09\" src=\"https:\/\/static.xx.fbcdn.net\/images\/emoji.php\/v9\/tb0\/1.5\/16\/1f609.png\" loading=\"lazy\">&nbsp;muchas gracias Carmen.<\/span><\/p>\n<p style=\"text-align: center;\">\n<p style=\"text-align: center;\"><span _msthash=\"4671785\" _msttexthash=\"3824301\">https:\/\/www.facebook.com\/permalink.php?story_fbid=1424331334432101&amp;id=100005657432604<\/span><\/p>\n<h1 style=\"text-align: center;\"><span style=\"font-family: &quot;Playfair Display&quot;; font-weight: 400;\" _msthash=\"4129542\" _msttexthash=\"268684\"><span style=\"color: rgb(68, 66, 68);\"><em>Avelina&nbsp;<\/em><\/span><span><span style=\"color: rgb(61, 66, 100);\">&#8211; M\u00e9xico<\/span><\/span><\/span><\/h1>\n<h1 style=\"\"><span style=\"font-weight: 400; font-family: Palanquin;\"><span _msthash=\"7488416\" _msttexthash=\"748020\">\u201c<\/span><\/span><\/h1>\n<p style=\"text-align: center;\"><span _msthash=\"4671786\" _msttexthash=\"25386478\"><span>Quiero compartirles mi experiencia con las terapias de Carmen, realmente he sentido un cambio en mi para bien, ahora me enfoco en mi, en lo que me gusta y lo que deseo lograr, he dejado el pasado atr\u00e1s y se a donde quiero llegar<\/span>.<\/span><\/p>\n<h1 style=\"text-align: center;\"><span style=\"font-family: &quot;Playfair Display&quot;; font-weight: 400;\" _msthash=\"4129543\" _msttexthash=\"232752\"><span style=\"color: rgb(68, 66, 68);\"><em>Bel\u00e9n<\/em><\/span><span><span style=\"color: rgb(68, 66, 68);\">&nbsp;<\/span><span style=\"color: rgb(61, 66, 100);\">-Espa\u00f1a<\/span><\/span><\/span><\/h1>\n<p><a href=\"https:\/\/wa.me\/525532336912?text=\" target=\"_blank\" rel=\"noopener\">                    <\/a><\/p>\n<p style=\"text-align: center;\"><a href=\"https:\/\/wa.me\/525532336912?text=\" target=\"_blank\" style=\"outline: none;\" rel=\"noopener\">525532336912<\/a><\/p>\n<p><a href=\"mailto:carmencampos@menteatufavor.com\" target=\"_blank\" rel=\"noopener\">                    <\/a><\/p>\n<p style=\"text-align: center;\"><a href=\"mailto:carmencampos@menteatufavor.com\" target=\"_blank\" style=\"outline: none;\" rel=\"noopener\">carmencampos@menteatufavor.com<\/a><\/p>\n<p><a href=\"https:\/\/www.facebook.com\/menteatufavor\/\" target=\"_blank\" rel=\"noopener\">                    <\/a><\/p>\n<p style=\"text-align: center;\"><a href=\"https:\/\/www.facebook.com\/menteatufavor\/\" target=\"_blank\" style=\"outline: none;\" rel=\"noopener\">@menteatufavor<\/a><\/p>\n<p><span><a href=\"https:\/\/www.instagram.com\/menteatufavor\" target=\"_blank\" rel=\"noopener\"><img decoding=\"async\" alt=\"\" data-id=\"5708\" width=\"48\" data-init-width=\"512\" height=\"48\" data-init-height=\"512\" title=\"icono de instagram\" src=\"https:\/\/reprogramacionintegral.com\/wp-content\/uploads\/2021\/06\/instagram-icono.png\" data-width=\"48\" data-height=\"48\" style=\"\" data-link-wrap=\"true\" loading=\"lazy\"><\/a><\/span><\/p>\n<p _msthash=\"972816\" _msttexthash=\"407329\" _msthidden=\"1\" style=\"\"><a href=\"https:\/\/www.instagram.com\/menteatufavor\" target=\"_blank\" style=\"outline: none;\" rel=\"noopener\">Instagram.com\/menteatufavor.com<\/a><\/p>\n<p><span style=\"\"><img decoding=\"async\" alt=\"\" data-id=\"5709\" width=\"136\" data-init-width=\"1920\" height=\"77\" data-init-height=\"1080\" title=\"youtube 3\" src=\"https:\/\/reprogramacionintegral.com\/wp-content\/uploads\/2021\/06\/youtube-3.png\" data-width=\"136\" data-height=\"77\" style=\"\" mt-d=\"-24\" center-v-d=\"false\" loading=\"lazy\"><\/span><\/p>\n<p _msthash=\"972816\" _msttexthash=\"407329\" _msthidden=\"1\" style=\"\"><a href=\"http:\/\/youtube.com\/@menteatufavor\" target=\"_blank\" rel=\"noopener\">youtube.com\/@menteatufavor<\/a><\/p>\n<p _msthash=\"972816\" _msttexthash=\"407329\" _msthidden=\"1\" style=\"text-align: center;\"><a href=\"https:\/\/reprogramacionintegral.com\/\" target=\"_blank\" _msthash=\"573404\" _msttexthash=\"361738\" style=\"outline: none;\" rel=\"noopener\">Ir a p\u00e1gina de inicio<\/a><\/p>\n<h4 style=\"text-align: center;\" _msthash=\"1099969\" _msttexthash=\"40174524\">\u00a9 2025 Reprogramaci\u00f3n Integral \u2013 Todos los derechos reservados<a href=\"https:\/\/reprogramacionintegral.com\/index.php\/aviso-legal\/\" target=\"_blank\" style=\"outline: none;\" rel=\"noopener\"><span style=\"color: rgb(255, 255, 255);\">Aviso Legal <\/span><\/a><span style=\"color: rgb(255, 255, 255);\">\u2013 <a href=\"https:\/\/reprogramacionintegral.com\/index.php\/politica-de-privacidad-y-cookies\/\" target=\"_blank\" style=\"outline: none;\" rel=\"noopener\">Pol\u00edtica de privacidad <\/a>\u2013 <a href=\"https:\/\/reprogramacionintegral.com\/index.php\/politica-de-privacidad-y-cookies\/\" style=\"outline: none;\">Cookies<\/a>&nbsp;\u2013&nbsp;<a href=\"https:\/\/reprogramacionintegral.com\/index.php\/politica-de-contratacion\/\" style=\"outline: none;\">Contrataci\u00f3n<\/a><\/span><\/h4>\n","protected":false},"excerpt":{"rendered":"<p>&nbsp;&nbsp;MENTE&nbsp;A TU FAVOR Eleva la Vibraci\u00f3n de tus Pensamientos y Emociones&nbsp; Manifiesta lo que deseas en cada \u00e1rea de tu vida Realizaci\u00f3n&nbsp; Profesional \u00bfNo avanzas profesionalmente? \u00bfNo logras alcanzar el \u00e9xito profesional&nbsp;que deseas? \u00bfSientes&nbsp;miedo a descuidar a tu familia, &nbsp;por &nbsp;expandirte profesionalmente? \u00bfPor m\u00e1s que te esfuerzas no logras &nbsp;reconocimiento profesional? Identifica y transforma las [&hellip;]<\/p>\n","protected":false},"author":1,"featured_media":0,"parent":0,"menu_order":0,"comment_status":"closed","ping_status":"closed","template":"","meta":[],"aioseo_notices":[],"_links":{"self":[{"href":"https:\/\/reprogramacionintegral.com\/index.php\/wp-json\/wp\/v2\/pages\/4973"}],"collection":[{"href":"https:\/\/reprogramacionintegral.com\/index.php\/wp-json\/wp\/v2\/pages"}],"about":[{"href":"https:\/\/reprogramacionintegral.com\/index.php\/wp-json\/wp\/v2\/types\/page"}],"author":[{"embeddable":true,"href":"https:\/\/reprogramacionintegral.com\/index.php\/wp-json\/wp\/v2\/users\/1"}],"replies":[{"embeddable":true,"href":"https:\/\/reprogramacionintegral.com\/index.php\/wp-json\/wp\/v2\/comments?post=4973"}],"version-history":[{"count":59,"href":"https:\/\/reprogramacionintegral.com\/index.php\/wp-json\/wp\/v2\/pages\/4973\/revisions"}],"predecessor-version":[{"id":8375,"href":"https:\/\/reprogramacionintegral.com\/index.php\/wp-json\/wp\/v2\/pages\/4973\/revisions\/8375"}],"wp:attachment":[{"href":"https:\/\/reprogramacionintegral.com\/index.php\/wp-json\/wp\/v2\/media?parent=4973"}],"curies":[{"name":"wp","href":"https:\/\/api.w.org\/{rel}","templated":true}]}}