{"id":3665,"date":"2020-11-15T08:41:25","date_gmt":"2020-11-15T14:41:25","guid":{"rendered":"https:\/\/reprogramacionintegral.com\/?page_id=3665"},"modified":"2021-09-11T16:21:55","modified_gmt":"2021-09-11T21:21:55","slug":"politica-de-contratacion","status":"publish","type":"page","link":"https:\/\/reprogramacionintegral.com\/index.php\/politica-de-contratacion\/","title":{"rendered":"Pol\u00edtica de contrataci\u00f3n"},"content":{"rendered":"<a class=\"tcb-logo thrv_wrapper\" data-img-style=\"\" class=\"\"><img src=\"https:\/\/reprogramacionintegral.com\/wp-content\/uploads\/2021\/05\/logo-extra-grande-2.png\" height=\"1080\" width=\"1920\" alt=\"\" style=\"\"><\/img><\/a>\n<p>Condiciones generales de contrataci\u00f3n<\/p>\n<p>El presente acuerdo regula las condiciones generales de compra de los diversos servicios ofertados en <a href=\"https:\/\/reprogramacionintegral.com\">https:\/\/reprogramacionintegral.com<\/a>&nbsp; por Mar\u00eda del Carmen Campos Padilla con correo electr\u00f3nico carmencampos@reprogramacionintegral.com<\/p>\n<p>El CLIENTE en el momento que completa el proceso de registro, y compra alguno de nuestros servicios, acepta y se somete expresamente a las cl\u00e1usulas especificadas a continuaci\u00f3n, as\u00ed como a las condiciones de acceso y uso de nuestro portal y su pol\u00edtica de privacidad, accesibles a trav\u00e9s del enlace, https:\/\/reprogramacionintegral.com\/index.php\/politica-de-privacidad-cookies\/<\/p>\n<p>El CLIENTE reconoce disponer de capacidad legal suficiente para obligarse contractualmente.<\/p>\n<p>El presente contrato est\u00e1 permanentemente accesible en los avisos legales de nuestra p\u00e1gina web, y se puede descargar en el momento de la contrataci\u00f3n.<\/p>\n<p>1. Precios e impuestos<\/p>\n<p>En contraprestaci\u00f3n por el servicio adquirido, el CLIENTE acepta pagar expresamente a Mar\u00eda del Carmen Campos Padilla las cantidades especificadas en el momento de la compra en la relaci\u00f3n de precios establecidas en la web <strong>https:\/\/reprogramacionintegral.com<\/strong> para los servicios elegidos.<\/p>\n<p>Los servicios ofrecidos en <a href=\"https:\/\/reprogramacionintegral.com\"><strong>https:\/\/reprogramacionintegral.com<\/strong><\/a><strong> <\/strong>ya incluyen el impuesto al valor agregado (IVA) de acuerdo con las normas vigentes en M\u00e9xico.<\/p>\n<p>El precio final aparecer\u00e1 antes y durante la confirmaci\u00f3n de tu pedido.<\/p>\n<p>Los precios de los Servicios pueden cambiar en cualquier momento a discreci\u00f3n \u00fanica y exclusiva de Mar\u00eda del Carmen Campos Padilla.<\/p>\n<p>2. Procedimiento de compra<\/p>\n<p>El proceso de contrataci\u00f3n electr\u00f3nica se dividir\u00e1 en 3 fases.<\/p>\n<p><strong>Primera Fase<\/strong>. El usuario tras visualizar una p\u00e1gina de venta, proceder\u00e1 al acceso del pago mediante los botones incluidos al efecto.<\/p>\n<p><strong>Segunda Fase<\/strong>. Una vez optado por la modalidad elegida, el usuario proceder\u00e1 a llenar los datos solicitados, Nombre, Apellidos, Correo Electr\u00f3nico, pudiendo solicitar en ocasiones el Domicilio.<\/p>\n<p><strong>Tercera Fase<\/strong>. Despu\u00e9s de llenar los datos, se proceder\u00e1 a realizar el pago de la forma elegida, puede ser introduciendo el n\u00famero de tarjeta bancaria debito. credito para proceder a su pago a trav\u00e9s de la pasarela de pago Paypal. Una vez realizado este paso, le llegar\u00e1 al usuario un email indicando que su pago fue realizado, mismo e-mail. deber\u00e1 ser reenviado por EL CLIENTE a Mar\u00eda del Carmen Campos Padilla&nbsp; al correo electr\u00f3nico <a href=\"mailto:carmencampos@reprogramacion.com\">carmencampos@reprogramacion.com<\/a> para recibir indicaciones de c\u00f3mo acceder al producto o servicio que acaba de adquirir.<\/p>\n<p>3. Intervinientes<\/p>\n<p>El proceso de contrataci\u00f3n electr\u00f3nica a trav\u00e9s del sitio web https:\/\/reprogramacionintegral.com ser\u00e1 realizado entre el \u201cCliente\u201d y \u201cMar\u00eda del Carmen Campos Padilla\u201d<\/p>\n<p>Tendr\u00e1n la consideraci\u00f3n de \u201cCliente\u201d del sitio web aquellos consumidores que sean personas f\u00edsicas, que hayan realizado el pago correspondiente para tener acceso al curso o servicio.<\/p>\n<p>4. Derechos de exclusi\u00f3n<\/p>\n<p>Mar\u00eda del Carmen Campos Padilla<strong> <\/strong>se reserva el derecho a negar o retirar el acceso al portal y\/o los servicios ofrecidos sin necesidad de preaviso, a instancia propia o de un tercero, a aquellos usuarios que incumplan las presentes Condiciones Generales.<\/p>\n<p>5. Facturas<\/p>\n<p>Al realizar el pago correspondiente, puede solicitar la Factura de su compra enviando un correo electr\u00f3nico a carmencampos@reprogramacionintegral.com<\/p>\n<p>6. Garant\u00eda<\/p>\n<p>En<strong> <\/strong>https:\/\/reprogramacionintegral.com nos esforzamos por facilitar servicios de la m\u00e1xima calidad, aunque, dada la naturaleza de los mismos, no podemos ofrecer una garant\u00eda de satisfacci\u00f3n. En caso que, por cualquier motivo, no reciba el servicio contratado correctamente, deber\u00e1 comunic\u00e1rnoslo lo antes posible indic\u00e1ndonos la insatisfacci\u00f3n que intentaremos, si se verifica el error, subsanar a la mayor brevedad posible.<\/p>\n<p>7. Devoluciones<\/p>\n<p>Las condiciones de devoluci\u00f3n ser\u00e1n las que indique la p\u00e1gina correspondiente en la que se adquiera el producto o servicio.<\/p>\n<p>8. Programa de afiliados<\/p>\n<p><strong>8.<\/strong>1 \u00bfEn qu\u00e9 consiste el programa de afiliados?<\/p>\n<p>Mar\u00eda del Carmen Campos Padilla<strong> <\/strong>pone a disposici\u00f3n de las personas que crea conveniente un programa de afiliados que no tiene otro objeto que los afiliados realicen la difusi\u00f3n y promoci\u00f3n de los eventos o cursos online&nbsp; creador por Mar\u00eda del Carmen Campos Padilla, a cambio de una comisi\u00f3n por cada venta realizada.<\/p>\n<p><strong>8.2 \u00bfC\u00f3mo se obtiene tal condici\u00f3n?<\/strong><\/p>\n<p>Mar\u00eda del Carmen Campos Padilla<strong> <\/strong>elegir\u00e1 a quien estime oportuno y pertinente para obtener la condici\u00f3n de afiliado.<\/p>\n<p>Mar\u00eda del Carmen Campos Padilla<strong> <\/strong>ofrecer\u00e1 un v\u00ednculo al AFILIADO para poder identificar la procedencia del pago en caso de realizarse alguna transacci\u00f3n mediante el uso de dicho enlace de AFILIADO quedando sujeto a los t\u00e9rminos y condiciones del contrato.<\/p>\n<p><strong>8.3 Comisiones de afiliado y pagos <\/strong><\/p>\n<p>Por cada venta que se realice a consecuencia del programa de afiliaci\u00f3n se abonar\u00e1 una comisi\u00f3n pactada previamente tomando como referencia el precio del producto con impuestos incluidos descontando la comisi\u00f3n de la plataforma con la que se trabaje.<\/p>\n<p>Las comisiones se pagar\u00e1n en una sola ocasi\u00f3n 30 d\u00edas despu\u00e9s de que el cliente haya completado el pago y se devengan cuando han pasado los 30 d\u00edas de plazo que tiene el alumno para hacer efectivo su derecho a la devoluci\u00f3n de la compra.<\/p>\n<p><strong>* Nota importante para los afiliados.<\/strong><\/p>\n<p>Queda terminantemente prohibido hacer uso de la licencia personal por un usuario diferente al que ha sido concedida, en caso contrario, perder\u00e1 desde ese momento la condici\u00f3n de \u201cAfiliado\u201d prohibiendo la entrada al \u00e1rea de acceso restringida reserv\u00e1ndonos cuantas acciones legales nos asistan en aras de depurar responsabilidades ante un <strong>posible delito contra la propiedad Intelectual<\/strong>.<\/p>\n<p>9. Propiedad intelectual e industrial<\/p>\n<p>Mar\u00eda del Carmen Campos Padilla<strong> <\/strong>por s\u00ed o como cesionario, es titular de todos los derechos de propiedad intelectual e industrial de su p\u00e1gina web https:\/\/reprogramacionintegral.com as\u00ed como de los elementos contenidos en la misma (a t\u00edtulo enunciativo, im\u00e1genes, sonido, audio, v\u00eddeo, software o textos; marcas o logotipos, combinaciones de colores, estructura y dise\u00f1o, selecci\u00f3n de materiales usados, programas de ordenador necesarios para su funcionamiento, acceso y uso, etc.), titularidad de <strong> <\/strong>Mar\u00eda del Carmen Campos Padilla<strong> <\/strong>&nbsp;o bien de sus licenciantes. Todos los derechos reservados.<\/p>\n<p>Cualquier uso no autorizado previamente por\u202fMar\u00eda del Carmen Campos Padilla<strong> ,\u202f<\/strong>ser\u00e1 considerado un incumplimiento grave de los derechos de propiedad intelectual o industrial del autor.<\/p>\n<p>Quedan expresamente prohibidas la reproducci\u00f3n, la distribuci\u00f3n y la comunicaci\u00f3n p\u00fablica, incluida su modalidad de puesta a disposici\u00f3n, de la totalidad o parte de los contenidos de esta p\u00e1gina web, https:\/\/reprogramacionintegral.com con fines comerciales, en cualquier soporte y por cualquier medio t\u00e9cnico, sin la autorizaci\u00f3n de Mar\u00eda del Carmen Campos Padilla.<\/p>\n<p>El CLIENTE se compromete a respetar los derechos de Propiedad Intelectual e Industrial titularidad de<strong> <\/strong>Mar\u00eda del Carmen Campos Padilla, podr\u00e1 visualizar \u00fanicamente los elementos de la web sin posibilidad de imprimirlos, copiarlos o almacenarlos en el disco duro de su ordenador o en cualquier otro soporte f\u00edsico. El USUARIO deber\u00e1 abstenerse de suprimir, alterar, eludir o manipular cualquier dispositivo de protecci\u00f3n o sistema de seguridad que estuviera instalado en las p\u00e1ginas de la web https:\/\/reprogramaci\u00f3nintegral.com<\/p>\n<p><strong>9.1 Prohibici\u00f3n de las denominadas PIRATERIA<\/strong><\/p>\n<p><strong>\u00bfQu\u00e9 son las llamadas conjuntas?<\/strong><\/p>\n<p>Nos encontramos ante una pr\u00e1ctica ilegal realizada por varias personas que se agrupan para adquirir un servicio o producto digital con el fin de lograr reducciones en el precio final. En este caso consistir\u00eda en la realizaci\u00f3n del pago por una sola persona del curso online, pero cuyo acceso facilitar\u00eda al resto de personas que han realizado esta pr\u00e1ctica, accediendo al curso varias personas con la misma contrase\u00f1a y email.<\/p>\n<p>Recordamos que queda terminantemente prohibido compartir la licencia para uso con m\u00e1s personas, <strong>cada licencia es personal e intransferible reserv\u00e1ndonos cuantas acciones civiles y penales nos asistan en aras de salvaguardar nuestros derechos<\/strong>, todo ello bajo apercibimiento de incurrir en un delito contra la propiedad intelectual.<\/p>\n<p>10. Exoneraci\u00f3n de responsabilidades<\/p>\n<p>Mar\u00eda del Carmen Campos Padilla<strong> <\/strong>no puede garantizar la continuidad t\u00e9cnica del Sitio Web, la ausencia de fallo o interrupciones del servicio ni que el Sitio Web estar\u00e1 disponible o accesible el cien por ciento del tiempo por causas ajenas al control de https:\/\/reprogramacionintegral.com o causas fortuitas y\/o de fuerza mayor, virus, ataques inform\u00e1ticos y\/o actuaciones de terceros que ocasionen la imposibilidad total o parcial de la prestaci\u00f3n de los servicios as\u00ed como otras causas imprevisibles como pudieren ser fallas en el&nbsp; funcionamiento de internet.<\/p>\n<p>11. Tratamiento de datos personales<\/p>\n<p>Toda informaci\u00f3n proporcionada durante el proceso de contrataci\u00f3n ser\u00e1 almacenada por Mar\u00eda del Carmen Campos Padilla<strong> <\/strong>&nbsp;en su calidad de responsable del fichero.<\/p>\n<p>Del mismo modo, y salvo que el cliente haya mostrado su oposici\u00f3n expresa, el usuario consiente expresamente el tratamiento de sus datos personales para remitir informaci\u00f3n de inter\u00e9s, novedades y ofertas sobre los productos y servicios a trav\u00e9s de cualquier medio, incluyendo correo electr\u00f3nico.<\/p>\n<p>Para darse de baja de env\u00edos de comunicaciones publicitarias puede hacerlo enviando un email a carmencampos@reprogramacionintegral.com<\/p>\n<p>Podr\u00e1s dirigir tus comunicaciones y ejercer los derechos de Conocer, actualizar y rectificar tus datos personales sin perjuicio de los dem\u00e1s establecidos en los art\u00edculos 15 y 16 de la ley federal de protecci\u00f3n de datos personales en posesi\u00f3n de particulares al correo electr\u00f3nico: carmencampos@reprogramacionintegral.com indicando en el asunto \u201cPROTECCI\u00d3N DE DATOS\u201d.<\/p>\n<p>12. Causas de la disoluci\u00f3n del contrato<\/p>\n<p>La disoluci\u00f3n del contrato de servicios puede ocurrir en cualquier momento por cualquiera de las dos partes.<\/p>\n<p>No est\u00e1s obligado a condiciones de permanencia con Mar\u00eda del Carmen Campos Padilla<strong> <\/strong>si no est\u00e1s satisfecho con su servicio.\u202f<\/p>\n<p>Mar\u00eda del Carmen Campos Padilla<strong> <\/strong>puede terminar o suspender cualquier y todos los Servicios contratados con Mar\u00eda del Carmen Campos Padilla<strong> <\/strong>inmediatamente, sin previo aviso o responsabilidad, en caso de que t\u00fa no cumplas con las condiciones aqu\u00ed expuestas.<\/p>\n<p>A la disoluci\u00f3n del contrato, tu derecho a utilizar los Servicios cesar\u00e1 inmediatamente.\u202f<\/p>\n<p>Ser\u00e1n causas de disoluci\u00f3n de contrato:<\/p>\n<p>La falsedad, en todo o en parte, de los datos suministrados en el proceso de contrataci\u00f3n de cualquier servicio.<\/p>\n<p>Alterar, eludir, realizar ingenier\u00eda inversa, descompilar, desmontar o alterar de ning\u00fan modo de la tecnolog\u00eda de seguridad aportada por Mar\u00eda del Carmen Campos Padilla<\/p>\n<p>Tambi\u00e9n los casos de abuso de los servicios de soporte por el requerimiento de m\u00e1s horas de las establecidas en el contrato.<\/p>\n<p>Opiniones falsas e infundadas con \u00e1nimo de desprestigiar al titular del curso<\/p>\n<p>Cualquier incumplimiento establecido a lo largo de las condiciones.<\/p>\n<p>La disoluci\u00f3n implica la p\u00e9rdida de sus derechos sobre el servicio contratado.<\/p>\n<p>13. Legislaci\u00f3n aplicable y jurisdicci\u00f3n<\/p>\n<p>La relaci\u00f3n entre\u202fMar\u00eda del Carmen Campos Padilla y el CLIENTE se regir\u00e1 por las leyes mexicanas vigentes y cualquier controversia se someter\u00e1 a los Juzgados y tribunales de la ciudad de M\u00e9xico, independientemente del domicilio de el CLIENTE.<\/p>\n<p>Condiciones Generales de Contrataci\u00f3n a 16 de noviembre de 2020.<\/p>\n<p><!--[if !supportLineBreakNewLine]--><!--[endif]--><\/p>\n<h4 style=\"text-align: center;\">\u00a9 2021 Reprogramaci\u00f3n Integral \u2013 Todos los derechos reservados<span style=\"color: rgb(255, 255, 255);\"><a href=\"https:\/\/reprogramacionintegral.com\/index.php\/aviso-legal\/\" style=\"outline: none;\">Aviso Legal<\/a> \u2013 <a href=\"https:\/\/reprogramacionintegral.com\/index.php\/politica-de-privacidad-y-cookies\/\" target=\"_blank\" style=\"outline: none;\" rel=\"noopener\">Pol\u00edtica de privacidad <\/a>\u2013 <a href=\"https:\/\/reprogramacionintegral.com\/index.php\/politica-de-privacidad-y-cookies\/\" style=\"outline: none;\">Cookies<\/a>&nbsp;\u2013&nbsp;<a href=\"https:\/\/reprogramacionintegral.com\/index.php\/politica-de-contratacion\/\" style=\"outline: none;\">Contrataci\u00f3n<\/a><\/span><\/h4>\n","protected":false},"excerpt":{"rendered":"<p>Condiciones generales de contrataci\u00f3n El presente acuerdo regula las condiciones generales de compra de los diversos servicios ofertados en https:\/\/reprogramacionintegral.com&nbsp; por Mar\u00eda del Carmen Campos Padilla con correo electr\u00f3nico carmencampos@reprogramacionintegral.com El CLIENTE en el momento que completa el proceso de registro, y compra alguno de nuestros servicios, acepta y se somete expresamente a las cl\u00e1usulas [&hellip;]<\/p>\n","protected":false},"author":1,"featured_media":0,"parent":0,"menu_order":0,"comment_status":"closed","ping_status":"closed","template":"","meta":[],"aioseo_notices":[],"_links":{"self":[{"href":"https:\/\/reprogramacionintegral.com\/index.php\/wp-json\/wp\/v2\/pages\/3665"}],"collection":[{"href":"https:\/\/reprogramacionintegral.com\/index.php\/wp-json\/wp\/v2\/pages"}],"about":[{"href":"https:\/\/reprogramacionintegral.com\/index.php\/wp-json\/wp\/v2\/types\/page"}],"author":[{"embeddable":true,"href":"https:\/\/reprogramacionintegral.com\/index.php\/wp-json\/wp\/v2\/users\/1"}],"replies":[{"embeddable":true,"href":"https:\/\/reprogramacionintegral.com\/index.php\/wp-json\/wp\/v2\/comments?post=3665"}],"version-history":[{"count":12,"href":"https:\/\/reprogramacionintegral.com\/index.php\/wp-json\/wp\/v2\/pages\/3665\/revisions"}],"predecessor-version":[{"id":7410,"href":"https:\/\/reprogramacionintegral.com\/index.php\/wp-json\/wp\/v2\/pages\/3665\/revisions\/7410"}],"wp:attachment":[{"href":"https:\/\/reprogramacionintegral.com\/index.php\/wp-json\/wp\/v2\/media?parent=3665"}],"curies":[{"name":"wp","href":"https:\/\/api.w.org\/{rel}","templated":true}]}}